{"id":5581,"date":"2021-11-12T15:09:22","date_gmt":"2021-11-12T19:09:22","guid":{"rendered":"https:\/\/campusodontologico.com\/store\/?post_type=product&#038;p=5581"},"modified":"2025-10-30T20:05:56","modified_gmt":"2025-10-30T19:05:56","slug":"curso-manejo-del-paciente-oncologico-en-odontologia","status":"publish","type":"product","link":"https:\/\/campusodontologico.com\/store\/producto\/curso-manejo-del-paciente-oncologico-en-odontologia\/","title":{"rendered":"Curso Manejo del Paciente Oncol\u00f3gico en Odontolog\u00eda"},"content":{"rendered":"","protected":false},"excerpt":{"rendered":"<p>En este curso se describir\u00e1n las condiciones y complicaciones de la terapia oncol\u00f3gica en cavidad bucal. Se discutir\u00e1n las medidas de tratamiento espec\u00edficas para cada condici\u00f3n y se organizar\u00e1n los conocimientos para identificar las necesidades de tratamiento de los pacientes antes, durante y despu\u00e9s de las terapias.<\/p>\n","protected":false},"featured_media":8181,"comment_status":"closed","ping_status":"closed","template":"","meta":{"_acf_changed":false},"product_brand":[],"product_cat":[299,314],"product_tag":[305,307,306],"class_list":{"0":"post-5581","1":"product","2":"type-product","3":"status-publish","4":"has-post-thumbnail","6":"product_cat-cursos-grabados","7":"product_cat-cursos-mara","8":"product_tag-cancer","9":"product_tag-oncologico","10":"product_tag-xerosotmia","12":"first","13":"instock","14":"sale","15":"downloadable","16":"virtual","17":"sold-individually","18":"purchasable","19":"product-type-simple"},"acf":[],"_links":{"self":[{"href":"https:\/\/campusodontologico.com\/store\/wp-json\/wp\/v2\/product\/5581","targetHints":{"allow":["GET"]}}],"collection":[{"href":"https:\/\/campusodontologico.com\/store\/wp-json\/wp\/v2\/product"}],"about":[{"href":"https:\/\/campusodontologico.com\/store\/wp-json\/wp\/v2\/types\/product"}],"replies":[{"embeddable":true,"href":"https:\/\/campusodontologico.com\/store\/wp-json\/wp\/v2\/comments?post=5581"}],"wp:featuredmedia":[{"embeddable":true,"href":"https:\/\/campusodontologico.com\/store\/wp-json\/wp\/v2\/media\/8181"}],"wp:attachment":[{"href":"https:\/\/campusodontologico.com\/store\/wp-json\/wp\/v2\/media?parent=5581"}],"wp:term":[{"taxonomy":"product_brand","embeddable":true,"href":"https:\/\/campusodontologico.com\/store\/wp-json\/wp\/v2\/product_brand?post=5581"},{"taxonomy":"product_cat","embeddable":true,"href":"https:\/\/campusodontologico.com\/store\/wp-json\/wp\/v2\/product_cat?post=5581"},{"taxonomy":"product_tag","embeddable":true,"href":"https:\/\/campusodontologico.com\/store\/wp-json\/wp\/v2\/product_tag?post=5581"}],"curies":[{"name":"wp","href":"https:\/\/api.w.org\/{rel}","templated":true}]}}